n 221286 is divided by 110618.
50
Calculate the remainder when 239419 is divided by 5735.
4284
Calculate the remainder when 381536 is divided by 507.
272
Calculate the remainder when 1313256 is divided by 2.
0
Calculate the remainder when 3757032 is divided by 230.
212
Calculate the remainder when 300920 is divided by 45.
5
What is the remainder when 7399078 is divided by 465?
463
What is the remainder when 93998 is divided by 93?
68
What is the remainder when 31961601 is divided by 156?
9
What is the remainder when 5922637 is divided by 1294?
1293
What is the remainder when 163160264 is divided by 134?
122
What is the remainder when 5423 is divided by 1850?
1723
Calculate the remainder when 1519488996 is divided by 3860.
3856
What is the remainder when 118445 is divided by 29584?
109
Calculate the remainder when 145088 is divided by 191.
119
Calculate the remainder when 897547 is divided by 12578.
4509
Calculate the remainder when 980415 is divided by 9707.
8
What is the remainder when 1078454 is divided by 66?
14
Calculate the remainder when 546242 is divided by 272972.
298
Calculate the remainder when 142019830 is divided by 38.
36
Calculate the remainder when 2064611 is divided by 2064539.
72
Calculate the remainder when 12357823 is divided by 4182.
13
What is the remainder when 2158287 is divided by 12333?
12
Calculate the remainder when 11899634 is divided by 482.
18
What is the remainder when 542864049 is divided by 108?
105
Calculate the remainder when 6336695 is divided by 40.
15
Calculate the remainder when 163847 is divided by 310.
167
Calculate the remainder when 5699045 is divided by 152.
109
Calculate the remainder when 1779422 is divided by 1778432.
990
What is the remainder when 195284 is divided by 35?
19
Calculate the remainder when 2225076 is divided by 9045.
6
What is the remainder when 95241762 is divided by 76?
6
Calculate the remainder when 1214776 is divided by 225.
1
Calculate the remainder when 15262223 is divided by 317962.
47
Calculate the remainder when 28334851 is divided by 28334769.
82
What is the remainder when 70150 is divided by 320?
70
Calculate the remainder when 2918597 is divided by 30.
17
What is the remainder when 104442 is divided by 2677?
39
Calculate the remainder when 28868126 is divided by 9622705.
11
What is the remainder when 41118324 is divided by 3162948?
0
Calculate the remainder when 130216 is divided by 1342.
42
Calculate the remainder when 6537 is divided by 2488.
1561
What is the remainder when 169624 is divided by 94?
48
Calculate the remainder when 2011431 is divided by 875.
681
What is the remainder when 68087868 is divided by 2017?
2016
Calculate the remainder when 5877 is divided by 1152.
117
What is the remainder when 716409 is divided by 89540?
89
Calculate the remainder when 42036059 is divided by 6.
5
Calculate the remainder when 165805 is divided by 33014.
735
Calculate the remainder when 177924 is divided by 1459.
1385
What is the remainder when 164557 is divided by 49?
15
Calculate the remainder when 98062 is divided by 33.
19
Calculate the remainder when 27729 is divided by 13854.
21
What is the remainder when 7311983 is divided by 3257?
18
What is the remainder when 1092337 is divided by 546065?
207
What is the remainder when 9167210 is divided by 1018578?
8
Calculate the remainder when 1742219 is divided by 411.
401
Calculate the remainder when 101766 is divided by 19118.
6176
What is the remainder when 8289215 is divided by 594?
539
Calculate the remainder when 16024947 is divided by 17.
16
Calculate the remainder when 97852 is divided by 1195.
1057
Calculate the remainder when 8195038 is divided by 168.
166
What is the remainder when 2033095 is divided by 451?
438
Calculate the remainder when 89270408 is divided by 2705.
2703
Calculate the remainder when 11245722 is divided by 14.
12
Calculate the remainder when 82677 is divided by 82672.
5
Calculate the remainder when 134085 is divided by 2189.
556
Calculate the remainder when 317667 is divided by 1580.
87
Calculate the remainder when 67733 is divided by 7444.
737
What is the remainder when 2056413 is divided by 118?
27
Calculate the remainder when 12134345 is divided by 669.
23
What is the remainder when 6878 is divided by 1581?
554
Calculate the remainder when 6573 is divided by 181.
57
Calculate the remainder when 1598240 is divided by 116.
108
What is the remainder when 28456564 is divided by 35482?
0
Calculate the remainder when 33045049 is divided by 11015008.
25
Calculate the remainder when 883391 is divided by 454.
361
Calculate the remainder when 46820105 is divided by 7803350.
5
Calculate the remainder when 746527 is divided by 1152.
31
Calculate the remainder when 1145730 is divided by 6062.
12
Calculate the remainder when 4984328 is divided by 279.
272
What is the remainder when 141881852 is divided by 5?
2
What is the remainder when 24853129 is divided by 267?
235
What is the remainder when 19573355 is divided by 268128?
11
Calculate the remainder when 458705 is divided by 18311.
930
What is the remainder when 2450566 is divided by 350050?
216
Calculate the remainder when 6514 is divided by 437.
396
Calculate the remainder when 3787777 is divided by 51184.
161
What is the remainder when 2652937 is divided by 16?
9
What is the remainder when 214541807 is divided by 70?
67
Calculate the remainder when 307014554 is divided by 23616504.
2
Calculate the remainder when 711724 is divided by 237232.
28
Calculate the remainder when 155442522 is divided by 36.
30
Calculate the remainder when 53080 is divided by 2951.
2913
Calculate the remainder when 67505 is divided by 56868.
10637
Calculate the remainder when 1968203 is divided by 109344.
11
Calculate the remainder when 134684019 is divided by 157.
156
What is the remainder when 1486772 is divided by 549?
80
Calculate the remainder when 3740734 is divided by 65.
49
Calculate the remainder when 80830 is divided by 26918.
76
Calculate the remainder when 44797415 is divided by 2022.
5
Calculate the remainder when 911638 is divided by 42.
28
Calculate the remainder when 2075967 is divided by 34.
29
What is the remainder when 1520592 is divided by 274?
166
What is the remainder when 252013806 is divided by 206?
204
Calculate the remainder when 1485473 is divided by 18329.
824
Calculate the remainder when 493877 is divided by 2020.
997
What is the remainder when 27707658 is divided by 1059?
1041
What is the remainder when 42293279 is divided by 710?
709
Calculate the remainder when 1354906 is divided by 10111.
32
What is the remainder when 442908 is divided by 110595?
528
Calculate the remainder when 195743 is divided by 114.
5
What is the remainder when 4211655 is divided by 2669?
2642
Calculate the remainder when 4232449 is divided by 90050.
99
Calculate the remainder when 16154372 is divided by 55.
47
Calculate the remainder when 11997 is divided by 749.
13
What is the remainder when 2967469 is divided by 607?
453
What is the remainder when 178869 is divided by 84?
33
Calculate the remainder when 776338 is divided by 96.
82
What is the remainder when 80462 is divided by 26284?
1610
What is the remainder when 323785 is divided by 40464?
73
What is the remainder when 63732 is divided by 5950?
4232
What is the remainder when 30920397 is divided by 525?
522
What is the remainder when 125473 is divided by 59621?
6231
What is the remainder when 34267 is divided by 457?
449
Calculate the remainder when 13579262 is divided by 1333.
1324
Calculate the remainder when 3703490 is divided by 273.
245
What is the remainder when 1689924 is divided by 88928?
292
Calculate the remainder when 1383991 is divided by 107.
53
What is the remainder when 212750 is divided by 3870?
3770
What is the remainder when 2726378 is divided by 908751?
125
What is the remainder when 6833558 is divided by 678?
674
What is the remainder when 1228326 is divided by 23?
11
What is the remainder when 18946807 is divided by 6315602?
1
What is the remainder when 4810239 is divided by 359?
357
Calculate the remainder when 529206 is divided by 1535.
1166
What is the remainder when 31420 is divided by 864?
316
Calculate the remainder when 496791 is divided by 11037.
126
What is the remainder when 376564 is div